{"id":47,"date":"2024-03-09T20:37:46","date_gmt":"2024-03-09T20:37:46","guid":{"rendered":"https:\/\/itpro360.ca\/?page_id=47"},"modified":"2024-09-07T19:05:17","modified_gmt":"2024-09-08T00:05:17","slug":"services-conseils","status":"publish","type":"page","link":"https:\/\/itpro360.ca\/?page_id=47","title":{"rendered":"Services conseils"},"content":{"rendered":"\t\t<div data-elementor-type=\"wp-page\" data-elementor-id=\"47\" class=\"elementor elementor-47\">\n\t\t\t\t<div class=\"elementor-element elementor-element-7ed2ba7 e-flex e-con-boxed e-con e-parent\" data-id=\"7ed2ba7\" data-element_type=\"container\" data-e-type=\"container\">\n\t\t\t\t\t<div class=\"e-con-inner\">\n\t\t<div class=\"elementor-element elementor-element-e697857 e-con-full e-flex e-con e-child\" data-id=\"e697857\" data-element_type=\"container\" data-e-type=\"container\">\n\t\t\t\t<div class=\"elementor-element elementor-element-8b96499 elementor-view-framed elementor-shape-circle elementor-position-block-start elementor-mobile-position-block-start elementor-widget elementor-widget-icon-box\" data-id=\"8b96499\" data-element_type=\"widget\" data-e-type=\"widget\" data-widget_type=\"icon-box.default\">\n\t\t\t\t<div class=\"elementor-widget-container\">\n\t\t\t\t\t\t\t<div class=\"elementor-icon-box-wrapper\">\n\n\t\t\t\t\t\t<div class=\"elementor-icon-box-icon\">\n\t\t\t\t<a href=\"https:\/\/itpro360.ca\/?page_id=47\" class=\"elementor-icon\" tabindex=\"-1\" aria-label=\"Services conseils\">\n\t\t\t\t<svg aria-hidden=\"true\" class=\"e-font-icon-svg e-fas-toolbox\" viewBox=\"0 0 512 512\" xmlns=\"http:\/\/www.w3.org\/2000\/svg\"><path d=\"M502.63 214.63l-45.25-45.25c-6-6-14.14-9.37-22.63-9.37H384V80c0-26.51-21.49-48-48-48H176c-26.51 0-48 21.49-48 48v80H77.25c-8.49 0-16.62 3.37-22.63 9.37L9.37 214.63c-6 6-9.37 14.14-9.37 22.63V320h128v-16c0-8.84 7.16-16 16-16h32c8.84 0 16 7.16 16 16v16h128v-16c0-8.84 7.16-16 16-16h32c8.84 0 16 7.16 16 16v16h128v-82.75c0-8.48-3.37-16.62-9.37-22.62zM320 160H192V96h128v64zm64 208c0 8.84-7.16 16-16 16h-32c-8.84 0-16-7.16-16-16v-16H192v16c0 8.84-7.16 16-16 16h-32c-8.84 0-16-7.16-16-16v-16H0v96c0 17.67 14.33 32 32 32h448c17.67 0 32-14.33 32-32v-96H384v16z\"><\/path><\/svg>\t\t\t\t<\/a>\n\t\t\t<\/div>\n\t\t\t\n\t\t\t\t\t\t<div class=\"elementor-icon-box-content\">\n\n\t\t\t\t\t\t\t\t\t<h5 class=\"elementor-icon-box-title\">\n\t\t\t\t\t\t<a href=\"https:\/\/itpro360.ca\/?page_id=47\" >\n\t\t\t\t\t\t\tServices conseils\t\t\t\t\t\t<\/a>\n\t\t\t\t\t<\/h5>\n\t\t\t\t\n\t\t\t\t\n\t\t\t<\/div>\n\t\t\t\n\t\t<\/div>\n\t\t\t\t\t\t<\/div>\n\t\t\t\t<\/div>\n\t\t\t\t<\/div>\n\t\t<div class=\"elementor-element elementor-element-8c77c88 e-con-full e-flex e-con e-child\" data-id=\"8c77c88\" data-element_type=\"container\" data-e-type=\"container\">\n\t\t\t\t<div class=\"elementor-element elementor-element-0d458e0 elementor-widget elementor-widget-text-editor\" data-id=\"0d458e0\" data-element_type=\"widget\" data-e-type=\"widget\" data-widget_type=\"text-editor.default\">\n\t\t\t\t<div class=\"elementor-widget-container\">\n\t\t\t\t\t\t\t\t\t<p>Nos services de consultation en TI sur mesure offrent une approche personnalis\u00e9e et cr\u00e9ative, toujours innovante et \u00e0 la pointe de la technologie. Nous sommes conscients que chaque entreprise a des besoins uniques en termes de TI, c&rsquo;est pourquoi nous travaillons en \u00e9troite collaboration avec nos clients pour cr\u00e9er des solutions sur mesure qui r\u00e9pondent \u00e0 leurs besoins sp\u00e9cifiques. Nous avons une solide expertise dans de nombreux domaines, y compris la r\u00e9seautique, la s\u00e9curit\u00e9 des r\u00e9seaux, la transformation num\u00e9rique, la gestion des donn\u00e9es et bien plus encore. <br>Vous pouvez compter sur nous pour vous fournir les meilleures strat\u00e9gies et les techniques les plus avanc\u00e9es pour vous aider \u00e0 rester comp\u00e9titif et \u00e0 r\u00e9ussir dans un march\u00e9 en constante \u00e9volution. Quel que soit votre probl\u00e8me ou votre objectif, nous sommes l\u00e0 pour vous aider \u00e0 y faire face avec succ\u00e8s.<\/p>\t\t\t\t\t\t\t\t<\/div>\n\t\t\t\t<\/div>\n\t\t\t\t<\/div>\n\t\t\t\t\t<\/div>\n\t\t\t\t<\/div>\n\t\t<div class=\"elementor-element elementor-element-c65a7a3 e-flex e-con-boxed e-con e-parent\" data-id=\"c65a7a3\" data-element_type=\"container\" data-e-type=\"container\">\n\t\t\t\t\t<div class=\"e-con-inner\">\n\t\t\t\t<div class=\"elementor-element elementor-element-62ca16d elementor-widget elementor-widget-heading\" data-id=\"62ca16d\" data-element_type=\"widget\" data-e-type=\"widget\" data-widget_type=\"heading.default\">\n\t\t\t\t<div class=\"elementor-widget-container\">\n\t\t\t\t\t<h4 class=\"elementor-heading-title elementor-size-default\">EXPRIMEZ VOS BESOINS<\/h4>\t\t\t\t<\/div>\n\t\t\t\t<\/div>\n\t\t\t\t\t<\/div>\n\t\t\t\t<\/div>\n\t\t\t\t<\/div>\n\t\t","protected":false},"excerpt":{"rendered":"<p>Services conseils Nos services de consultation en TI sur mesure offrent une approche personnalis\u00e9e et cr\u00e9ative, toujours innovante et \u00e0 la pointe de la technologie. Nous sommes conscients que chaque entreprise a des besoins uniques en termes de TI, c&rsquo;est pourquoi nous travaillons en \u00e9troite collaboration avec nos clients pour cr\u00e9er des solutions sur mesure [&hellip;]<\/p>\n","protected":false},"author":1,"featured_media":0,"parent":0,"menu_order":0,"comment_status":"closed","ping_status":"closed","template":"elementor_header_footer","meta":{"footnotes":""},"class_list":["post-47","page","type-page","status-publish","hentry"],"_links":{"self":[{"href":"https:\/\/itpro360.ca\/index.php?rest_route=\/wp\/v2\/pages\/47","targetHints":{"allow":["GET"]}}],"collection":[{"href":"https:\/\/itpro360.ca\/index.php?rest_route=\/wp\/v2\/pages"}],"about":[{"href":"https:\/\/itpro360.ca\/index.php?rest_route=\/wp\/v2\/types\/page"}],"author":[{"embeddable":true,"href":"https:\/\/itpro360.ca\/index.php?rest_route=\/wp\/v2\/users\/1"}],"replies":[{"embeddable":true,"href":"https:\/\/itpro360.ca\/index.php?rest_route=%2Fwp%2Fv2%2Fcomments&post=47"}],"version-history":[{"count":40,"href":"https:\/\/itpro360.ca\/index.php?rest_route=\/wp\/v2\/pages\/47\/revisions"}],"predecessor-version":[{"id":697,"href":"https:\/\/itpro360.ca\/index.php?rest_route=\/wp\/v2\/pages\/47\/revisions\/697"}],"wp:attachment":[{"href":"https:\/\/itpro360.ca\/index.php?rest_route=%2Fwp%2Fv2%2Fmedia&parent=47"}],"curies":[{"name":"wp","href":"https:\/\/api.w.org\/{rel}","templated":true}]}}